a multiple of 29?
True
Is 967753100 a multiple of 5?
True
Is 30 a factor of 3931009?
False
Does 15 divide 441100170?
True
Does 25 divide 1232683848?
False
Is 25 a factor of 705024425?
True
Is 38448259 a multiple of 478?
False
Is 1071 a factor of 243454365?
True
Is 873 a factor of 17822295?
True
Is 52097949 a multiple of 2697?
True
Does 111 divide 5656440?
False
Does 118 divide 45215476?
True
Is 922258500 a multiple of 7356?
True
Does 30 divide 244950?
True
Is 5822 a factor of 270012716?
True
Does 93 divide 5485985928?
True
Is 1084 a factor of 376158237?
False
Is 851265 a multiple of 4?
False
Does 2425 divide 1713122344?
False
Is 1380820544 a multiple of 16?
True
Does 4965 divide 70489749?
False
Is 715 a factor of 171617875?
True
Does 12 divide 90883224?
True
Does 17 divide 829068296?
False
Is 479143940 a multiple of 55?
True
Is 1058095 a multiple of 832?
False
Is 4264862 a multiple of 1242?
False
Is 2922125940 a multiple of 606?
True
Is 4436927898 a multiple of 20?
False
Is 237 a factor of 1018317636?
False
Is 236729590 a multiple of 34?
True
Is 84197299 a multiple of 7?
False
Does 48 divide 475271184?
True
Is 4785175 a multiple of 277?
True
Is 4277983 a multiple of 58?
False
Is 51811093 a multiple of 353?
False
Is 5 a factor of 1712800?
True
Is 870019542 a multiple of 283?
True
Does 11 divide 33693825?
True
Is 257 a factor of 227778975?
False
Is 250 a factor of 10771662?
False
Does 57 divide 2447490?
False
Is 8457050 a multiple of 50?
True
Is 1143523473 a multiple of 390?
False
Is 142132020 a multiple of 274?
True
Is 4 a factor of 20064340?
True
Is 92179241 a multiple of 11?
True
Does 84 divide 52080420?
True
Is 1684 a factor of 2252301164?
True
Is 535676888 a multiple of 4603?
False
Is 52881906 a multiple of 54?
False
Is 3176 a factor of 219156704?
True
Is 5298377 a multiple of 336?
False
Is 22 a factor of 326007442?
False
Is 57639008 a multiple of 38?
True
Is 68 a factor of 276243336?
True
Is 293877086 a multiple of 32?
False
Is 106872933 a multiple of 27?
False
Is 10866615 a multiple of 15?
True
Is 1549874872 a multiple of 2916?
False
Does 1427 divide 1332462677?
True
Does 771 divide 2217190315?
False
Is 986 a factor of 571921412?
True
Is 822367855 even?
False
Is 581029320 a multiple of 149?
False
Does 81 divide 1048764920?
False
Does 510 divide 5649621812?
False
Is 1403739271 a multiple of 47?
True
Is 95 a factor of 2844227?
False
Is 11 a factor of 64482011?
True
Does 17 divide 6598329?
True
Does 370 divide 303606090?
True
Does 541 divide 180491666?
True
Is 77915904 a multiple of 3036?
True
Is 1649381356 a multiple of 21?
False
Is 21429135 a multiple of 65?
True
Is 367685539 a multiple of 481?
True
Is 1684 a factor of 103481800?
True
Is 146 a factor of 691405232?
False
Does 335 divide 464621979?
False
Is 135523588 a multiple of 183?
False
Does 634 divide 19136165?
False
Is 25756753 a multiple of 63?
False
Is 1006 a factor of 207332214?
False
Does 14 divide 9422278?
False
Is 201252348 a multiple of 22?
True
Does 3273 divide 579121347?
True
Does 422 divide 716305332?
True
Does 43 divide 1001026917?
False
Is 16751244 a multiple of 12?
True
Does 52 divide 211907072?
True
Does 706 divide 13692574?
False
Is 1057119440 a multiple of 691?
True
Does 211 divide 8839458?
False
Is 25672154 a multiple of 1147?
True
Is 235839354 a multiple of 498?
True
Is 69 a factor of 95511042?
True
Is 2962 a factor of 987612053?
False
Is 247524372 a multiple of 1692?
True
Does 29 divide 48193682?
False
Does 819 divide 167180399?
False
Does 97 divide 243260289?
False
Is 385 a factor of 58110745?
True
Is 584454841 a multiple of 26?
False
Is 20 a factor of 88903135?
False
Does 328 divide 462691560?
True
Does 74 divide 14753027?
False
Is 122556690 a multiple of 3172?
False
Does 3140 divide 26439921?
False
Does 23 divide 3417097269?
False
Is 448489544 a multiple of 896?
False
Does 11 divide 416542860?
False
Does 4 divide 4171273?
False
Is 6596851141 a multiple of 5398?
False
Is 701224638 a multiple of 280?
False
Is 624593 a multiple of 42?
False
Does 5 divide 178174955?
True
Is 51 a factor of 3761334180?
False
Is 36 a factor of 1798573068?
True
Does 72 divide 51936929?
False
Is 317290969 a multiple of 2657?
True
Does 64 divide 1006788032?
True
Is 9558978 a multiple of 13?
True
Is 5651709 a multiple of 49?
True
Does 76 divide 51982315?
False
Is 144303320 a multiple of 140?
True
Does 18 divide 92694330?
True
Is 279 a factor of 1964783007?
True
Does 65 divide 86576230?
True
Is 47240909 a multiple of 941?
False
Is 14 a factor of 400226967?
False
Is 1755481215 a multiple of 41?
True
Is 164 a factor of 30833012?
False
Is 884281365 a multiple of 945?
False
Does 535 divide 1507486598?
False
Is 1357 a factor of 177198023?
False
Is 64934009 a multiple of 2633?
False
Is 5673598341 a multiple of 5757?
True
Does 67 divide 266122631?
False
Is 14 a factor of 58734070?
False
Is 3221 a factor of 174674248?
False
Does 6 divide 386603528?
False
Is 3737631950 a multiple of 8689?
False
Is 48996498 a multiple of 6?
True
Does 92 divide 77840446?
False
Does 24 divide 24586224?
True
Is 853617352 a multiple of 56?
True
Is 83283738 a multiple of 11?
False
Is 5491976532 a multiple of 14?
True
Is 262 a factor of 585870225?
False
Is 434809936 a multiple of 11?
True
Is 85437649 a multiple of 11?
True
Does 39 divide 104773656?
True
Is 46 a factor of 13048830?
False
Is 57895155 a multiple of 555?
False
Is 104373335 a multiple of 645?
False
Is 109396766 a multiple of 1033?
True
Is 399704765 a multiple of 4079?
False
Does 194 divide 271191048?
True
Is 286552524 a multiple of 1016?
False
Is 1275 a factor of 97356450?
True
Does 423 divide 8808129?
True
Is 284133220 a multiple of 2230?
True
Is 40 a factor of 1744360?
True
Is 1688 a factor of 419240009?
False
Is 3084 a factor of 31642767?
False
Does 3 divide 5462771?
False
Does 28 divide 2979349212?
True
Is 294974498 a multiple of 61?
False
Does 254 divide 1724550603?
False
Is 289548959 a multiple of 4?
False
Is 201 a factor of 4484045?
False
Is 183915820 a multiple of 76?
True
Is 10336986 a multiple of 3366?
True
Is 23 a factor of 1371612820?
True
Is 98 a factor of 54235996?
False
Is 17 a factor of 43216666?
False
Is 2079412441 a multiple of 52?
False
Does 2483 divide 198423979?
True
Is 15 a factor of 64419857?
False
Does 355 divide 24767640?
True
Is 38274980 a multiple of 39?
False
Does 215 divide 71939899?
False
Does 721 divide 1978435536?
True
Is 45312825 a multiple of 153?
False
Is 2108599 a multiple of 96?
False
Is 18190320 a multiple of 15?
True
Is 254662866 a multiple of 25?
False
Does 2232 divide 371110050?
False
Is 143 a factor of 423017309?
True
Is 8 a factor of 1469328?
True
Is 121053800 a multiple of 4?
True
Is 40813690 a multiple of 905?
True
Does 16 divide 111878416?
True
Is 37753240 a multiple of 545?
True
Is 14 a factor of 40414261?
False
Does 4 divide 1362640062?
False
Is 11 a factor of 213174742?
True
Does 6 divide 24459919?
False
Is 130883852 a multiple of 13?
False
Is 14 a factor of 162485737?
False
Does 1564 divide 774789697?
False
Is 45 a factor of 619087656?
False
Is 26221825 a multiple of 175?
True
Does 117 divide 70555002?
False
Is 1030 a factor of 26587704?
False
Is 63870718 a multiple of 14?
False
Is 769 a factor of 479376144?
True
Is 1003738890 a multiple of 7415?
True
Is 3267611309 a multiple of 101?
False
Is 86348996 a multiple of 2333?
True
Is 19 a factor of 271131088?
False
Is 713 a factor of 1141637062?
True
Is 309301437 a multiple of 599?
True
Is 10 a factor of 131344362?
False
Is 26 a factor of 51647771?
False
Is 595833 a multiple of 3?
True
Is 5 a factor of 15169495?
True
Does 151 divide 112904210?
True
Is 428 a factor of 4758076?
True
Does 838 divide 581363240?
False
Is 109 a factor of 4809911779?
True
Is 2169 a factor of 46952343?
True
Does 455 divide 265219500?
True
Is 182722347 a multiple of 509?
True
Is 618440232 a multiple of 10?
False
Is 289 a factor of 88468102?
True
Is 32078268 a multiple of 81?
True
Does 207 divide 620557641?
True
Is 1193 a factor of 3168886003?
False
Is 106 a factor of 1073302311?
False
Is 2119735 a multiple of 53?
True
Is 273 a factor of 1253504889?
True
Is 1109 a factor of 4200964085?
True
Is 399986452 a multiple of 142?
True
Is 3719 a factor of 336008534?
False
Is 359 a factor of 1004692